{"id":14667,"date":"2026-02-26T04:39:05","date_gmt":"2026-02-26T03:39:05","guid":{"rendered":"https:\/\/rowermax.shop\/ro64\/produkt\/rower-elektryczny-gorski-fatbike-ncm-aspen-plus\/"},"modified":"2026-02-26T04:39:07","modified_gmt":"2026-02-26T03:39:07","slug":"rower-elektryczny-gorski-fatbike-ncm-aspen-plus","status":"publish","type":"product","link":"https:\/\/zelmari.shop\/ro64\/produkt\/rower-elektryczny-gorski-fatbike-ncm-aspen-plus\/","title":{"rendered":"Rower Elektryczny G\u00f3rski FatBike NCM ASPEN Plus"},"content":{"rendered":"<div style=\"font-family: Arial, sans-serif; line-height: 1.6; color: #333; padding: 20px; clear: both; display: block; width: 100%; float: none; position: static; overflow: hidden;\">\n<div style=\"clear: both; display: block; margin: 10px 0;\">\n<div style=\"clear: both; display: block; margin: 10px 0;\">\n<div style=\"clear: both; display: block; margin: 10px 0;\">\n<h1>Rower Elektryczny G\u00f3rski FatBike NCM ASPEN Plus<\/h1>\n<\/div>\n<\/div>\n<\/div>\n<div style=\"clear: both; display: block; margin: 10px 0;\">\n<div style=\"clear: both; display: block; margin: 10px 0;\">\n<div style=\"clear: both; display: block; margin: 10px 0;\">\n<div  style=\"max-width:1594px;max-height:1006px\">\n<div style=\"clear: both; display: block; margin: 10px 0;\">\n<div style=\"clear: both; width: 100%; display: block; margin: 20px 0; padding: 0; float: none; position: static; text-align: center;\"><img decoding=\"async\"  src=\"https:\/\/a.allegroimg.com\/original\/116996\/2a552a55495ba3dad4f08603860d\/Rower-Elektryczny-Gorski-FatBike-NCM-ASPEN-Plus\" srcset=\"https:\/\/a.allegroimg.com\/original\/116996\/2a552a55495ba3dad4f08603860d\/Rower-Elektryczny-Gorski-FatBike-NCM-ASPEN-Plus 360w,https:\/\/a.allegroimg.com\/original\/116996\/2a552a55495ba3dad4f08603860d\/Rower-Elektryczny-Gorski-FatBike-NCM-ASPEN-Plus 720w,https:\/\/a.allegroimg.com\/original\/116996\/2a552a55495ba3dad4f08603860d\/Rower-Elektryczny-Gorski-FatBike-NCM-ASPEN-Plus 1023w,https:\/\/a.allegroimg.com\/original\/116996\/2a552a55495ba3dad4f08603860d\/Rower-Elektryczny-Gorski-FatBike-NCM-ASPEN-Plus 1440w,https:\/\/a.allegroimg.com\/original\/116996\/2a552a55495ba3dad4f08603860d\/Rower-Elektryczny-Gorski-FatBike-NCM-ASPEN-Plus 1594w\" sizes=\"(min-width: 1200px) 560px, (min-width: 992px) 50vw, 100vw\" width=\"1594px\" alt=\"Rower Elektryczny G\u00f3rski FatBike NCM ASPEN Plus\" style=\"max-width: 100%; height: auto; display: block; margin: 0 auto;\"><\/div>\n<\/div>\n<\/div>\n<\/div>\n<\/div>\n<div style=\"clear: both; display: block; margin: 10px 0;\">\n<div style=\"clear: both; display: block; margin: 10px 0;\">\n<h1>Rower Elektryczny G\u00f3rski FatBike NCM ASPEN Plus<\/h1>\n<p style=\"margin: 15px 0; line-height: 1.8; clear: both; display: block; width: 100%; float: none; position: static;\">Dzi\u0119ki du\u017cej szeroko\u015bci opon NCM Aspen +<b> jest niezwykle wydajny.<\/b><\/p>\n<p style=\"margin: 15px 0; line-height: 1.8; clear: both; display: block; width: 100%; float: none; position: static;\">Opracowane na Islandii do jazdy po \u015bniegu i lodzie, du\u017ce opony Fat Bikes sprawiaj\u0105,<\/p>\n<p style=\"margin: 15px 0; line-height: 1.8; clear: both; display: block; width: 100%; float: none; position: static;\">\u017ce doskonale nadaj\u0105 si\u0119 do mi\u0119kkiego terenu, w tym piasku i \u017cwiru.<\/p>\n<p style=\"margin: 15px 0; line-height: 1.8; clear: both; display: block; width: 100%; float: none; position: static;\"><b>Ten rower elektryczny zosta\u0142 zaprojektowany z mocn\u0105 aluminiow\u0105 ram\u0105<\/b> oraz mocn\u0105, sztywn\u0105 kierownic\u0105 i siode\u0142kiem, co zapewnia lepsz\u0105 ergonomi\u0119 i wydajno\u015b\u0107.<\/p>\n<ul style=\"margin: 15px 0; padding-left: 20px; clear: both; display: block; width: 100%; float: none; position: static;\">\n<li style=\"margin: 5px 0; padding: 2px 0; clear: both; display: list-item; float: none; position: static;\">\u00b7&nbsp;&nbsp;&nbsp;&nbsp;&nbsp;&nbsp;&nbsp;&nbsp; Ergonomiczne uchwyty rowerowe<\/li>\n<li style=\"margin: 5px 0; padding: 2px 0; clear: both; display: list-item; float: none; position: static;\">\u00b7&nbsp;&nbsp;&nbsp;&nbsp;&nbsp;&nbsp;&nbsp;&nbsp; Wygodna pozycja siedz\u0105ca<\/li>\n<li style=\"margin: 5px 0; padding: 2px 0; clear: both; display: list-item; float: none; position: static;\">\u00b7&nbsp;&nbsp;&nbsp;&nbsp;&nbsp;&nbsp;&nbsp;&nbsp; Wszystkie wa\u017cne elementy steruj\u0105ce \u0142atwo dost\u0119pne<\/li>\n<li style=\"margin: 5px 0; padding: 2px 0; clear: both; display: list-item; float: none; position: static;\">\u00b7&nbsp;&nbsp;&nbsp;&nbsp;&nbsp;&nbsp;&nbsp;&nbsp; Bateria 48 V, aby zapewni\u0107 wysok\u0105 moc wyj\u015bciow\u0105<\/li>\n<li style=\"margin: 5px 0; padding: 2px 0; clear: both; display: list-item; float: none; position: static;\">\u00b7&nbsp;&nbsp;&nbsp;&nbsp;&nbsp;&nbsp;&nbsp;&nbsp; Ponad 768 Wh pojemno\u015bci na d\u0142u\u017cszy dystans<\/li>\n<li style=\"margin: 5px 0; padding: 2px 0; clear: both; display: list-item; float: none; position: static;\">\u00b7&nbsp;&nbsp;&nbsp;&nbsp;&nbsp;&nbsp;&nbsp;&nbsp; Zasi\u0119g do 150 km (w zale\u017cno\u015bci od warunk\u00f3w)<\/li>\n<li style=\"margin: 5px 0; padding: 2px 0; clear: both; display: list-item; float: none; position: static;\">\u00b7&nbsp;&nbsp;&nbsp;&nbsp;&nbsp;&nbsp;&nbsp;&nbsp; Bateria zintegrowana z ram\u0105 dla lepszej estetyki<\/li>\n<li style=\"margin: 5px 0; padding: 2px 0; clear: both; display: list-item; float: none; position: static;\">\u00b7&nbsp;&nbsp;&nbsp;&nbsp;&nbsp;&nbsp;&nbsp;&nbsp; \u0141atwo wyjmowana bateria, dzi\u0119ki czemu mo\u017cna j\u0105 \u0142adowa\u0107 w dowolnym miejscu<\/li>\n<li style=\"margin: 5px 0; padding: 2px 0; clear: both; display: list-item; float: none; position: static;\">\u00b7&nbsp;&nbsp;&nbsp;&nbsp;&nbsp;&nbsp;&nbsp;&nbsp; Wbudowany port USB z 5V do \u0142adowania telefon\u00f3w kom\u00f3rkowych<\/li>\n<li style=\"margin: 5px 0; padding: 2px 0; clear: both; display: list-item; float: none; position: static;\">\u00b7&nbsp;&nbsp;&nbsp;&nbsp;&nbsp;&nbsp;&nbsp;&nbsp; Wyposa\u017cony we wspomaganie przepustnicy i peda\u0142u.<\/li>\n<\/ul>\n<\/div>\n<\/div>\n<\/div>\n<div style=\"clear: both; display: block; margin: 10px 0;\">\n<div style=\"clear: both; display: block; margin: 10px 0;\">\n<div style=\"clear: both; display: block; margin: 10px 0;\">\n<div  style=\"max-width:1600px;max-height:1600px\">\n<div style=\"clear: both; display: block; margin: 10px 0;\">\n<div style=\"clear: both; width: 100%; display: block; margin: 20px 0; padding: 0; float: none; position: static; text-align: center;\"><img decoding=\"async\"  src=\"https:\/\/a.allegroimg.com\/original\/1186af\/ee8c21394449ac98cd71058d8c81\/Rower-Elektryczny-Gorski-FatBike-NCM-ASPEN-Plus-Marka-NCM\" srcset=\"https:\/\/a.allegroimg.com\/original\/1186af\/ee8c21394449ac98cd71058d8c81\/Rower-Elektryczny-Gorski-FatBike-NCM-ASPEN-Plus-Marka-NCM 360w,https:\/\/a.allegroimg.com\/original\/1186af\/ee8c21394449ac98cd71058d8c81\/Rower-Elektryczny-Gorski-FatBike-NCM-ASPEN-Plus-Marka-NCM 720w,https:\/\/a.allegroimg.com\/original\/1186af\/ee8c21394449ac98cd71058d8c81\/Rower-Elektryczny-Gorski-FatBike-NCM-ASPEN-Plus-Marka-NCM 1024w,https:\/\/a.allegroimg.com\/original\/1186af\/ee8c21394449ac98cd71058d8c81\/Rower-Elektryczny-Gorski-FatBike-NCM-ASPEN-Plus-Marka-NCM 1440w,https:\/\/a.allegroimg.com\/original\/1186af\/ee8c21394449ac98cd71058d8c81\/Rower-Elektryczny-Gorski-FatBike-NCM-ASPEN-Plus-Marka-NCM 1600w\" sizes=\"(min-width: 1200px) 560px, (min-width: 992px) 50vw, 100vw\" width=\"1600px\" alt=\"Rower Elektryczny G\u00f3rski FatBike NCM ASPEN Plus Marka NCM\" style=\"max-width: 100%; height: auto; display: block; margin: 0 auto;\"><\/div>\n<\/div>\n<\/div>\n<\/div>\n<\/div>\n<div style=\"clear: both; display: block; margin: 10px 0;\">\n<div style=\"clear: both; display: block; margin: 10px 0;\">\n<h2>Specyfikacja<\/h2>\n<ul style=\"margin: 15px 0; padding-left: 20px; clear: both; display: block; width: 100%; float: none; position: static;\">\n<li style=\"margin: 5px 0; padding: 2px 0; clear: both; display: list-item; float: none; position: static;\">Rama Aluminiowa 19&#8243;<\/li>\n<li style=\"margin: 5px 0; padding: 2px 0; clear: both; display: list-item; float: none; position: static;\">Wydajny silnik&nbsp; Das-Kit X15 motor, 48V, 60Nm, max speed&nbsp;25 km\/h<\/li>\n<li style=\"margin: 5px 0; padding: 2px 0; clear: both; display: list-item; float: none; position: static;\">Przerzutka- Shimano Acera<\/li>\n<li style=\"margin: 5px 0; padding: 2px 0; clear: both; display: list-item; float: none; position: static;\">Hamulce: Tarczowe hydrauliczne<\/li>\n<li style=\"margin: 5px 0; padding: 2px 0; clear: both; display: list-item; float: none; position: static;\">6 -stopniowe wsparcie peda\u0142\u00f3w<\/li>\n<li style=\"margin: 5px 0; padding: 2px 0; clear: both; display: list-item; float: none; position: static;\">Bateria: Das DEHAWK, I5, 48V 16Ah, 768Wh with USBPort + \u0142adowarka w zestawie<\/li>\n<li style=\"margin: 5px 0; padding: 2px 0; clear: both; display: list-item; float: none; position: static;\">24 -biegowy<\/li>\n<li style=\"margin: 5px 0; padding: 2px 0; clear: both; display: list-item; float: none; position: static;\">Manetki: Shimano Altus, 3\/8 speed<\/li>\n<li style=\"margin: 5px 0; padding: 2px 0; clear: both; display: list-item; float: none; position: static;\">Zasi\u0119g: do 150 km zale\u017cny od warunk\u00f3w i poziomu wspomagania.<\/li>\n<li style=\"margin: 5px 0; padding: 2px 0; clear: both; display: list-item; float: none; position: static;\">Pr\u0119dko\u015b\u0107 maksymalna: do 25 km\/h<\/li>\n<li style=\"margin: 5px 0; padding: 2px 0; clear: both; display: list-item; float: none; position: static;\">Ko\u0142a 26\u201d x 4,0 ko\u0142a<\/li>\n<li style=\"margin: 5px 0; padding: 2px 0; clear: both; display: list-item; float: none; position: static;\">Opony CST 26&#8243; 4.0<\/li>\n<li style=\"margin: 5px 0; padding: 2px 0; clear: both; display: list-item; float: none; position: static;\">Waga 29 kg<\/li>\n<li style=\"margin: 5px 0; padding: 2px 0; clear: both; display: list-item; float: none; position: static;\">Kolor &#8211; Foto<\/li>\n<\/ul>\n<\/div>\n<\/div>\n<\/div>\n<div style=\"clear: both; display: block; margin: 10px 0;\">\n<div style=\"clear: both; display: block; margin: 10px 0;\">\n<div style=\"clear: both; display: block; margin: 10px 0;\">\n<div  style=\"max-width:1600px;max-height:1600px\">\n<div style=\"clear: both; display: block; margin: 10px 0;\">\n<div style=\"clear: both; width: 100%; display: block; margin: 20px 0; padding: 0; float: none; position: static; text-align: center;\"><img decoding=\"async\"  src=\"https:\/\/a.allegroimg.com\/original\/116092\/5d95f3ed4bb9897d264e645df3ac\/Rower-Elektryczny-Gorski-FatBike-NCM-ASPEN-Plus-EAN-GTIN-4260402527666\" srcset=\"https:\/\/a.allegroimg.com\/original\/116092\/5d95f3ed4bb9897d264e645df3ac\/Rower-Elektryczny-Gorski-FatBike-NCM-ASPEN-Plus-EAN-GTIN-4260402527666 360w,https:\/\/a.allegroimg.com\/original\/116092\/5d95f3ed4bb9897d264e645df3ac\/Rower-Elektryczny-Gorski-FatBike-NCM-ASPEN-Plus-EAN-GTIN-4260402527666 720w,https:\/\/a.allegroimg.com\/original\/116092\/5d95f3ed4bb9897d264e645df3ac\/Rower-Elektryczny-Gorski-FatBike-NCM-ASPEN-Plus-EAN-GTIN-4260402527666 1024w,https:\/\/a.allegroimg.com\/original\/116092\/5d95f3ed4bb9897d264e645df3ac\/Rower-Elektryczny-Gorski-FatBike-NCM-ASPEN-Plus-EAN-GTIN-4260402527666 1440w,https:\/\/a.allegroimg.com\/original\/116092\/5d95f3ed4bb9897d264e645df3ac\/Rower-Elektryczny-Gorski-FatBike-NCM-ASPEN-Plus-EAN-GTIN-4260402527666 1600w\" sizes=\"(min-width: 1200px) 560px, (min-width: 992px) 50vw, 100vw\" width=\"1600px\" alt=\"Rower Elektryczny G\u00f3rski FatBike NCM ASPEN Plus EAN (GTIN) 4260402527666\" style=\"max-width: 100%; height: auto; display: block; margin: 0 auto;\"><\/div>\n<\/div>\n<\/div>\n<\/div>\n<\/div>\n<div style=\"clear: both; display: block; margin: 10px 0;\">\n<div style=\"clear: both; display: block; margin: 10px 0;\">\n<div  style=\"max-width:1600px;max-height:1600px\">\n<div style=\"clear: both; display: block; margin: 10px 0;\">\n<div style=\"clear: both; width: 100%; display: block; margin: 20px 0; padding: 0; float: none; position: static; text-align: center;\"><img decoding=\"async\"  src=\"https:\/\/a.allegroimg.com\/original\/118e00\/bc863733436d935670e1178c1517\/Rower-Elektryczny-Gorski-FatBike-NCM-ASPEN-Plus-Kod-producenta-ASPEN-Plus\" srcset=\"https:\/\/a.allegroimg.com\/original\/118e00\/bc863733436d935670e1178c1517\/Rower-Elektryczny-Gorski-FatBike-NCM-ASPEN-Plus-Kod-producenta-ASPEN-Plus 360w,https:\/\/a.allegroimg.com\/original\/118e00\/bc863733436d935670e1178c1517\/Rower-Elektryczny-Gorski-FatBike-NCM-ASPEN-Plus-Kod-producenta-ASPEN-Plus 720w,https:\/\/a.allegroimg.com\/original\/118e00\/bc863733436d935670e1178c1517\/Rower-Elektryczny-Gorski-FatBike-NCM-ASPEN-Plus-Kod-producenta-ASPEN-Plus 1024w,https:\/\/a.allegroimg.com\/original\/118e00\/bc863733436d935670e1178c1517\/Rower-Elektryczny-Gorski-FatBike-NCM-ASPEN-Plus-Kod-producenta-ASPEN-Plus 1440w,https:\/\/a.allegroimg.com\/original\/118e00\/bc863733436d935670e1178c1517\/Rower-Elektryczny-Gorski-FatBike-NCM-ASPEN-Plus-Kod-producenta-ASPEN-Plus 1600w\" sizes=\"(min-width: 1200px) 560px, (min-width: 992px) 50vw, 100vw\" width=\"1600px\" alt=\"Rower Elektryczny G\u00f3rski FatBike NCM ASPEN Plus Kod producenta ASPEN Plus\" style=\"max-width: 100%; height: auto; display: block; margin: 0 auto;\"><\/div>\n<\/div>\n<\/div>\n<\/div>\n<\/div>\n<\/div>\n<\/div>\n<\/div>\n<\/div>\n<div style=\"clear: both; display: block; margin: 10px 0;\">\n","protected":false},"excerpt":{"rendered":"<p>Rower Elektryczny G\u00f3rski FatBike NCM ASPEN Plus<\/p>\n<p>Rower Elektryczny G\u00f3rski FatBike NCM ASPEN Plus<\/p>\n<p>Dzi\u0119ki du\u017cej szeroko\u015bci opon NCM Aspen + jest niezwykle wydajny.<\/p>\n<p>Opracowane na Islandii do jazdy po \u015bniegu i lodzie, du\u017ce opony Fat Bikes sprawiaj\u0105,<\/p>\n<p>\u017ce doskonale nadaj\u0105 si\u0119 do mi\u0119kkiego terenu, w tym piasku i \u017cwiru.<\/p>\n<p>Ten rower elektryczny zosta\u0142 zaprojektowany z mocn\u0105 aluminiow\u0105 ram\u0105 oraz mocn\u0105, sztywn\u0105 kierownic\u0105 i siode\u0142kiem, co zapewnia lepsz\u0105 ergonomi\u0119 i wydajno\u015b\u0107.<\/p>\n<p>\u00b7&nbsp;&nbsp;&nbsp;&nbsp;&nbsp;&nbsp;&nbsp;&nbsp; Ergonomiczne uchwyty rowerowe<\/p>\n","protected":false},"featured_media":14669,"template":"","meta":{"_uag_custom_page_level_css":""},"product_brand":[747],"product_cat":[741,688,749,687],"product_tag":[],"class_list":{"0":"post-14667","1":"product","2":"type-product","3":"status-publish","4":"has-post-thumbnail","6":"product_brand-ncm","7":"product_cat-elektryczne","8":"product_cat-rowery","9":"product_cat-rowery-elektryczne-mtb-gorskie","10":"product_cat-rowery-i-akcesoria","12":"first","13":"instock","14":"sale","15":"shipping-taxable","16":"purchasable","17":"product-type-simple"},"uagb_featured_image_src":{"full":["https:\/\/zelmari.shop\/ro64\/wp-content\/uploads\/2026\/02\/allegro-image-14667.jpg",1594,1006,false],"thumbnail":["https:\/\/zelmari.shop\/ro64\/wp-content\/uploads\/2026\/02\/allegro-image-14667-150x150.jpg",150,150,true],"medium":["https:\/\/zelmari.shop\/ro64\/wp-content\/uploads\/2026\/02\/allegro-image-14667-300x189.jpg",300,189,true],"medium_large":["https:\/\/zelmari.shop\/ro64\/wp-content\/uploads\/2026\/02\/allegro-image-14667-768x485.jpg",768,485,true],"large":["https:\/\/zelmari.shop\/ro64\/wp-content\/uploads\/2026\/02\/allegro-image-14667-1024x646.jpg",1024,646,true],"1536x1536":["https:\/\/zelmari.shop\/ro64\/wp-content\/uploads\/2026\/02\/allegro-image-14667-1536x969.jpg",1536,969,true],"2048x2048":["https:\/\/zelmari.shop\/ro64\/wp-content\/uploads\/2026\/02\/allegro-image-14667.jpg",1594,1006,false],"woocommerce_thumbnail":["https:\/\/zelmari.shop\/ro64\/wp-content\/uploads\/2026\/02\/allegro-image-14667-300x300.jpg",300,300,true],"woocommerce_single":["https:\/\/zelmari.shop\/ro64\/wp-content\/uploads\/2026\/02\/allegro-image-14667-600x379.jpg",600,379,true],"woocommerce_gallery_thumbnail":["https:\/\/zelmari.shop\/ro64\/wp-content\/uploads\/2026\/02\/allegro-image-14667-100x100.jpg",100,100,true]},"uagb_author_info":{"display_name":"admin","author_link":"https:\/\/zelmari.shop\/ro64\/author\/"},"uagb_comment_info":0,"uagb_excerpt":"Rower Elektryczny G\u00f3rski FatBike NCM ASPEN Plus Rower Elektryczny G\u00f3rski FatBike NCM ASPEN Plus Dzi\u0119ki du\u017cej szeroko\u015bci opon NCM Aspen + jest niezwykle wydajny. Opracowane na Islandii do jazdy po \u015bniegu i lodzie, du\u017ce opony Fat Bikes sprawiaj\u0105, \u017ce doskonale nadaj\u0105 si\u0119 do mi\u0119kkiego terenu, w tym piasku i \u017cwiru. Ten rower elektryczny zosta\u0142 zaprojektowany&hellip;","_links":{"self":[{"href":"https:\/\/zelmari.shop\/ro64\/wp-json\/wp\/v2\/product\/14667","targetHints":{"allow":["GET"]}}],"collection":[{"href":"https:\/\/zelmari.shop\/ro64\/wp-json\/wp\/v2\/product"}],"about":[{"href":"https:\/\/zelmari.shop\/ro64\/wp-json\/wp\/v2\/types\/product"}],"wp:featuredmedia":[{"embeddable":true,"href":"https:\/\/zelmari.shop\/ro64\/wp-json\/wp\/v2\/media\/14669"}],"wp:attachment":[{"href":"https:\/\/zelmari.shop\/ro64\/wp-json\/wp\/v2\/media?parent=14667"}],"wp:term":[{"taxonomy":"product_brand","embeddable":true,"href":"https:\/\/zelmari.shop\/ro64\/wp-json\/wp\/v2\/product_brand?post=14667"},{"taxonomy":"product_cat","embeddable":true,"href":"https:\/\/zelmari.shop\/ro64\/wp-json\/wp\/v2\/product_cat?post=14667"},{"taxonomy":"product_tag","embeddable":true,"href":"https:\/\/zelmari.shop\/ro64\/wp-json\/wp\/v2\/product_tag?post=14667"}],"curies":[{"name":"wp","href":"https:\/\/api.w.org\/{rel}","templated":true}]}}